.
1
Let g(k) = -11*k + 18*k - 5*k + 2 - 3*k. Determine g(-5).
7
Let v be 5*(242/(-77) - 4/(-28)). Let d(b) = 3*b + 32. Determine d(v).
-13
Let h(o) = -o**3 + 4*o**2 - 11*o + 28. Let v = -3635 - -3638. What is h(v)?
4
Let y(q) be the first derivative of q**2/2 + 10*q - 115. Suppose -b - 2 = -4*k - 10, 5*b + 8 = 4*k. Give y(k).
7
Let r(p) = 16*p**2 + p. Let n(u) = 12*u + 35. Let y be n(-5). Let t be (10/y)/(((-12)/(-10))/3). What is r(t)?
15
Let x(b) = -2*b - 4. Let v(o) = -26*o - 31. Suppose 5*l + 27*g - 20 = 22*g, 5*l - 4*g = -25. Let q be v(l). Calculate x(q).
6
Suppose -3*b + 6 = 5*g - 7*b, 0 = -4*b - 16. Let t be (-4)/(2/(g + 4)). Let m(r) = 2*r**2 + 4*r + 3. Calculate m(t).
19
Let m(i) = -i**3 - 6*i**2 - 3*i + 7. Let j = 332 + -337. Determine m(j).
-3
Let g(h) = -7 - 114*h + 439*h - 106*h - 111*h - 105*h. Determine g(9).
20
Let o(y) = -y**3 - 2*y**2 + 3*y + 3. Let t be (3 + -2)/((-5)/80) - -12. What is o(t)?
23
Let v(o) = o**3 + 8*o**2 + 10*o - 17. Suppose -5*k + n = -767 + 799, 2*k - 3*n + 5 = 0. Calculate v(k).
-38
Let r(l) = -l**2 - 2*l + 10. Suppose q - 36 + 22 = 0. Let c = q + -10. Determine r(c).
-14
Suppose 0 = -2*m - j + 4*j + 10, m = 5*j - 2. Let i(o) = 43*o**2 - 4 - 42*o**2 - 10*o + m. Suppose 2*s + 4*t = 38, 2*s + 5*t - 11 - 32 = 0. What is i(s)?
-5
Suppose 22751 - 22904 = 17*z. Let d(g) = -10*g**2 - g**3 - 3*g - 4*g + 10 + 0*g. Determine d(z).
-8
Let i = 6477 + -6469. Let t(m) = -8*m + 19. Determine t(i).
-45
Let d(o) be the first derivative of 0*o - 1/3*o**3 - 5/2*o**2 - 4. Let q = -3540 + 3535. What is d(q)?
0
Let h(z) = z - 2. Suppose -4*w + 210 = -2*d - 100, -w - 2*d = -65. Let o = w - 84. Calculate h(o).
-11
Let n(t) = t**3 - 36*t**2 + 69*t - 36. Let q be 22/165*5*(56 - 5). Give n(q).
-2
Let k(x) = -22*x**3 - 4*x**2 + 4*x - 18. Let q(p) = -5*p**3 - p**2 + p - 4. Let a(y) = 4*k(y) - 18*q(y). Determine a(-2).
-4
Let a(d) = -d**2 + d + 5. Let h be a(5). Let b = 11 + h. Let p(k) = k**2 + 9*k - 11. Let x(l) = 5*l**2 + 47*l - 60. Let c(w) = -11*p(w) + 2*x(w). What is c(b)?
5
Let f(o) be the first derivative of o**5/10 + o**4/6 + o**3/3 + o**2 - 8*o - 57. Let k(m) be the first derivative of f(m). Let j = 5 - 7. What is k(j)?
-10
Suppose -6*o = -54 - 90. Suppose 4*w - 28 = o. Let f(t) = -t - 18 + w + 9. Calculate f(-4).
8
Let x(j) = -15*j - 29. Let b(l) = 39*l + 55. Let g(n) = -4*b(n) - 10*x(n). What is g(13)?
-8
Let t(b) = -890*b**2 + b + 890*b**2 - b**3. Suppose -9*c - 11*c = -3*c. Give t(c).
0
Let i(q) = -11*q**2 - 550*q - 7. Let z be (-6 - (-81)/(-2)) + -2 + 21/(-14). Determine i(z).
-7
Let p(a) be the second derivative of -17/3*a**3 - 1/120*a**5 + 0 + 1/360*a**6 - 1/12*a**4 + 0*a**2 + 14*a. Let f(b) be the second derivative of p(b). Give f(3).
4
Let c(a) = 7*a**3 - 4*a**2 - 70 + a - 6*a**3 + 33. Let g be c(5). Let q(j) = 2*j + 9. What is q(g)?
-5
Let n(h) = -76*h**2 - 90 + 3*h + 86*h**2 + 89. Determine n(1).
12
Suppose 0 = -3*u - 2*u + 3*s + 53, -45 = -5*u - 5*s. Let x(m) = 11*m - 111. Calculate x(u).
-1
Let m(w) = 2*w**2 + 4. Let y(n) = 1. Let c be (-102)/(-12) - 4/(-8). Let k be 12/(-18) + 24/c. Let i(z) = k*y(z) - m(z). Give i(2).
-10
Let z(n) = -4*n**2 - 4*n - 1. Let q(c) = 9*c**2 + 7*c + 1. Suppose 5*o + 13 = 4*h, -5*h + 26 = -6*o + 3*o. Let p(i) = h*z(i) + 3*q(i). Calculate p(-6).
2
Let n(d) be the second derivative of d**6/720 - d**5/24 - 11*d**4/6 + d**2/2 + 60*d - 1. Let p(a) be the third derivative of n(a). Determine p(-7).
-12
Suppose 210*j - 2389 = -499*j - 262. Let z(q) be the second derivative of q**4/12 - 2*q**2 - q. What is z(j)?
5
Let o be (1 + -2)/(((-2)/(-30))/(81/(-243))). Let g(c) = c**3 - 10*c - 8. Calculate g(o).
67
Let v(g) = g**2 + 639451*g + 18 + 0 - 639467*g. Calculate v(14).
-10
Let t(b) be the first derivative of b**5/60 - b**4 + 23*b**3/3 - 125*b**2/2 + b + 142. Let i(p) be the second derivative of t(p). Calculate i(22).
2
Let f(j) = -j**3 + 2*j + 7. Let r(s) = -7*s**3 + 7*s**2 + 22*s + 26. Let y(h) = -6*f(h) + r(h). Give y(8).
0
Let h(v) = 3*v + 23. Let l be h(-7). Suppose -3*d = -l*x - 128, 5*d = -5*x + d - 320. Let f = x - -56. Let w(k) = k**3 + 9*k**2 + 9*k - 1. Determine w(f).
-9
Let f be 2/(-3)*(-3)/2. Let h(k) = 2*k + 1. Let r(n) be the second derivative of n**3/6 - n**2/2 - 5*n - 50. Let y(q) = f*r(q) - h(q). Determine y(-6).
4
Suppose -20*i + 51*i - 5487 = 0. Let n = i - 176. Let s(t) = 25*t**2 + t - 1. Determine s(n).
25
Let c(h) = -h**2 - 24*h + 75. Let s be c(-27). Let p(u) = -2*u**2 - 5*u. Let t(l) = 7*l**2 + 21*l - 6. Let d(k) = 4*p(k) + t(k). What is d(s)?
-48
Let o be -21*-9*(-32)/1008. Let g(t) = -9*t + 37. Give g(o).
91
Let f(p) = -p**3 + 5*p**2 - 5*p + 2. Suppose -3*d + 9*d = -48. Let z = -9 - d. Let s be 0 - 69/(-18) - z/6. Calculate f(s).
-2
Let z(o) = -o + 4. Let u = -90 + 94. Suppose -4*h + 5*g - 10 = 0, 2*h = -u*g - g - 20. Determine z(h).
9
Let j(c) be the third derivative of -c**4/4 - c**3/2 - 951*c**2. Determine j(-1).
3
Let m(k) be the third derivative of 13*k**4/12 + 16*k**3/3 + 23*k**2 - 24*k. What is m(-2)?
-20
Let f(u) = 14*u + 11 - 43*u + 9*u + 13*u + 8*u. Calculate f(-4).
7
Let n = -90 - -88. Let p be n*((-4 - -8) + -6). Suppose p*i - 3*u - 5 = 6, 0 = -3*i - 4*u + 2. Let z(c) = -c**2 + 2*c - 1. Calculate z(i).
-1
Let s(u) = 7*u - 67. Suppose 471 = 129*k - 690. Give s(k).
-4
Let q(f) = 2*f**2 - 4*f + 2. Let b = 940 - 934. Let t be ((-24 - -19) + 33/b)*6. What is q(t)?
8
Suppose 3*x - l = -2*l + 26, 2*x - 24 = l. Suppose -4*q + 7 = -o - 0*o, 5*q - 5*o + x = 0. Let p(n) = -n**2 - n**3 + 2*n**2 - 1 + q*n + 1. What is p(3)?
-9
Let m be 12/7*(-7)/4*(-21 - -23). Let f(k) = -k**3 - 5*k**2 + 12*k + 28. Determine f(m).
-8
Let f(h) be the second derivative of h**8/6720 + h**7/504 - 7*h**6/720 - 41*h**4/6 + h - 5. Let l(t) be the third derivative of f(t). Determine l(-6).
6
Let v(u) be the third derivative of -u**5/60 + u**4/3 - 17*u**3/6 + 2*u**2 + 3347*u. What is v(5)?
-2
Let c = -4456 + 4446. Let i(m) = m**3 + 4*m**2 + 3*m - 2. Let b(x) = x**3 + 5*x**2 + 4*x - 1. Let k(h) = 7*b(h) - 6*i(h). Determine k(c).
5
Let u(k) = -k**3 - 27*k**2 + 58*k - 42. Let w be u(-29). Let c be (w/(-30) - 1)*5. Let h(b) = 6*b**2 - 2*b + 3. Give h(c).
23
Let k(z) = -37*z + 61. Suppose -122 = 52*r - 113*r. Give k(r).
-13
Let i = -75091 + 75083. Let d(l) = 10*l + 15. Let y(p) = 2*p + 3. Let s(a) = 2*d(a) - 11*y(a). What is s(i)?
13
Let y(p) = 65053*p - 65047*p - 30 - 37 + 12 - 6. Calculate y(13).
17
Let r(w) = -w**3 + 35*w**2 + 108*w + 245. Let o be r(38). Let q(j) = j**3 - 18*j**2 + 20*j + 3. Give q(o).
54
Let h = 14050 - 14051. Let j(r) = 2*r - 6. Calculate j(h).
-8
Let d(x) = -x**2 - 51*x + 162. Let z be d(3). Let h(i) = -10*i - 2. Calculate h(z).
-2
Let x(c) be the first derivative of c**4/4 - 5*c**3/3 - 2*c**2 - 8*c + 814. Suppose 3*l = j + 19, -3*l + 4*j = -7*l + 20. Calculate x(l).
4
Let z(q) be the third derivative of q**5/20 - 10*q**4/3 - 13*q**3/6 + 7*q**2 - q - 27. Calculate z(27).
14
Let x be 6/4*(-40)/6. Let n(w) = -38*w**3 + 58*w**2 - 95*w + 157. Let m(v) = 3*v**3 - 5*v**2 + 8*v - 13. Let h(j) = 25*m(j) + 2*n(j). What is h(x)?
-11
Let l = 74 - 71. Suppose r = -4*n + 8*n + 20, -r = -l*n - 14. Let c(u) = u**3 + 5*u**2 - 3*u + 13. What is c(n)?
-5
Let g = 235 + -233. Let f(h) = -1800*h**2 - 3*h + 1801*h**g + h - 3. Give f(6).
21
Suppose -6 = 4*n - 3*n. Let r be 3 + 5/n + (-2)/12. Let c be 14/(-7) + (2 - r). Let u(p) = 2*p + 2. Calculate u(c).
-2
Let m(f) be the second derivative of 19/6*f**3 + 1/2*f**2 + 0 + f. Let r(q) = 8*q**2 + 84*q + 195. Let p be r(-7). Give m(p).
-18
Let s(m) = -m**2 - m + 2. Let p = -182 - -190. Suppose 4*k - 5 = -5*y, -p*k + 7*k - 3 = -3*y. Calculate s(y).
0
Let l(t) = 2*t**2 + 601*t + 12251. Let g be l(-22). Let x(d) be the first derivative of 2*d**2 + 1/4*d**4 + 2/3*d**3 - d + 2. What is x(g)?
-22
Let x(v) = -v**3 - 7*v**2 + 16*v - 7. Let q = -13279 - -13270. Give x(q).
11
Let x(l) be the third derivative of 0*l - 12*l**2 + 2 - 5/24*l**4 + 4/3*l**3. Calculate x(7).
-27
Let m(t) = 3*t + 22. Suppose 1606*h - 1610*h = 76. Determine m(h).
-35
Let c(d) be the second derivative of d**6/120 + 11*d**5/60 + d**4/12 - 2*d**3/3 + 215*d**2/2 + 20*d + 1. Let k(b) be the first derivative of c(b). Give k(-11).
-26
Let j(d) = -8 + 90 - 134 - d**2 + 17*d. Calculate j(13)